
What is the value of -5 - (-9 + 1) - 12?
-9
What is the value of -7 + (1 + -14 + 6 - -22)?
8
What is 5 - 6 - 3 - -6?
2
What is the value of 8 - (9 + -1) - 0?
0
Calculate (7 - 2) + (-8 - -3).
0
What is the value of (-13 - -8) + (-1 - 4) - -5?
-5
What is -2 + -2 + (-4 - -6)?
-2
What is (-5 - -6) + -4 + 1?
-2
What is the value of -9 + (5 - (-14 - -16))?
-6
What is the value of 4 - (-1 - -2) - (-84 - -87)?
0
Calculate (-8 - 0) + -16 + 23.
-1
3 + (-1 - 4 - -1 - 1)
-2
Calculate 4 - (1 + (3 - 1)) - 0.
1
4 - (-57 + 56 + 6 + 1)
-2
What is -2 + (7 - (-8 - -15))?
-2
Calculate 4 + -2 + (4 - 11).
-5
Evaluate 16 + -21 - (0 + 3).
-8
(1 - (-2 - -5)) + 4 - 2
0
Evaluate -14 + (7 - 13) - -11.
-9
Evaluate -3 + 1 + 2 + -5 + 4.
-1
What is the value of 7 + -5 + (-2 - (-1 - 1))?
2
Evaluate 0 - (5 - (1 - 2)).
-6
Calculate 56 + -65 - (1 - 7).
-3
What is 5 + 0 + 7 + -5?
7
Evaluate 8 - (9 - (5 + -4)).
0
5 + -26 + 0 + 13
-8
What is (-8 - -2) + 2 - (-1 + -6)?
3
What is the value of 0 + 4 - (2 - (-2 + -2))?
-2
What is -4 + (-10 - -8) + 15?
9
What is 7 + -14 + -2 + -2 + 4?
-7
4 - 2 - (22 + -20)
0
What is the value of 3 - (3 - 7) - 6?
1
What is (8 - (-2 - -4)) + -2?
4
-8 + (1 - -3) + -1
-5
What is -2 - (-1 + 3) - -8?
4
Evaluate 4 + -9 + 2 + 2.
-1
What is the value of (0 - (-21 - -13)) + -11?
-3
What is the value of 10 - (-5 - -4 - -7) - -3?
7
What is the value of 3 + 5 + -7 + -1 - 4?
-4
(-5 + 5 - 13) + 12
-1
3 - (-1 - (-1 + 1))
4
What is (7 - 3) + -5 + -2 + -1?
-4
What is the value of 1 - (11 - 12 - (-4 + 0))?
-2
Calculate -6 + 4 + (-14 - (2 + -8)).
-10
Evaluate -1 - 21 - (-72 + 60).
-10
What is the value of -6 - ((-2 - -3) + -3)?
-4
Evaluate -3 - (4 - (-1 - (-13 - -5))).
0
Calculate -4 + -6 - -3 - (-2 - 0).
-5
What is the value of -4 + -1 - (-2 - 9) - 13?
-7
Evaluate -11 + -6 + 19 + -3.
-1
-4 + 8 + (1 - 2 - 7)
-4
Evaluate (-2 - 5) + (6 - 3).
-4
What is -8 - (-3 + 3 + -4)?
-4
Calculate (1 - 4) + 0 - -3.
0
Evaluate 5 + (-5 - -8) + -7.
1
What is the value of 9 + -8 - (0 + -1 + 1)?
1
What is (-4 + 8 - 0) + -3?
1
-3 - (0 + 3 + -6 - -2)
-2
Calculate -3 + 2 - (28 + -20).
-9
Calculate -4 + (4 - 7) + 0 + 2.
-5
What is -1 - (2 - -2 - 2)?
-3
Calculate 0 + (11 - (8 + -4)).
7
What is 0 + 4 + -6 + 0 + -7?
-9
What is -5 - (6 - (-10 + 19))?
-2
Calculate 5 + -3 + 7 + -3.
6
3 - -1 - 2 - 2
0
What is the value of -7 - (3 - (-7 - -13))?
-4
(26 - 15) + (-2 - 6)
3
What is the value of -7 - -1 - (-4 + (7 - -2))?
-11
Evaluate -2 - 1 - (1 + -3 + -10).
9
What is 6 - (-7 + 6 - -2)?
5
Calculate -7 + 3 + -8 + -5 + 7.
-10
Calculate -3 + 2 + -2 + 4.
1
What is 3 + -2 - 2 - -2?
1
Evaluate 0 + (1 - -10) + -13.
-2
What is 4 + (-2 + -2 - -3)?
3
-4 + 2 - ((-2 - -7) + -13)
6
What is 1 + (-2 - -3 - (-2 - 1))?
5
Calculate 1 + -9 + (0 - -3).
-5
What is (-2 - (-9 - -1)) + (-1 - 0)?
5
-2 + (11 - 8) + -1
0
Calculate -8 + (3 - (-7 + 2)).
0
What is the value of -10 + 11 + -1 + -1?
-1
13 + -19 + (0 - -2 - -1)
-3
1 + 0 + (0 - -2) + 2
5
Calculate -9 + 8 + -1 + 7.
5
0 + -2 + -2 + 2 + 7
5
What is (2 - 7) + (1 + -3 - 0)?
-7
-4 + -12 + (10 - -1)
-5
Evaluate (-7 - (-5 + -3)) + -5.
-4
Evaluate (34 - 36) + (1 - 6).
-7
Evaluate 7 - (-1 - (-3 + 0) - -6).
-1
Calculate -4 + -1 + 4 - (20 - 28).
7
Evaluate (-6 + 3 - 5) + 14.
6
Evaluate -5 - -11 - 0 - 4.
2
1 + (-15 - -9) + (0 - -10)
5
What is the value of -7 + 5 - (-11 + 13)?
-4
Evaluate -11 - (-1 + 2 - 6) - -5.
-1
What is the value of (0 - -1) + (-4 - 4) + 4?
-3
What is 3 + -3 - (0 - (3 - -1))?
4
Evaluate 1 + (-10 - (3 + -14)).
2
Evaluate 2 + (1 - -1) + -4 - -5.
5
Evaluate 0 + -8 - -4 - -7 - 1.
2
What is 2 + (2 - 4) - 4?
-4
Calculate (-4 - -1) + (10 - (8 + -3)).
2
Calculate (3 + -3 - 1) + -3 - -3.
-1
Evaluate 1 - 3 - -7 - 3.
2
Evaluate 5 + (-7 - -7) - 3.
2
6 - (-1 - (2 - 16))
-7
3 + -5 - -1 - (1 + 3)
-5
-3 + 14 - 10 - (-1 - -9)
-7
Calculate 5 - (4 + 0) - (-7 + 2).
6
Evaluate 7 + -25 + 10 + 13.
5
Calculate (-8 - (-13 + 7)) + 6.
4
What is the value of -12 + (-17 - -10) + 13?
-6
Calculate (4 - -2) + 0 - 11.
-5
Evaluate 5 - -1 - (9 + 2).
-5
Calculate 6 - ((-3 - -1) + (-15 - -14)).
9
Calculate 1 + 3 + -7 + 1.
-2
-6 + -8 + 17 + -3
0
Evaluate -2 + (-6 + 7 - (-1 - 2)).
2
What is the value of (-1 - (1 - -3)) + 8 + -6?
-3
What is 6 - 5 - -2 - 0?
3
What is the value of (8 - 0) + -13 + 24 + -9?
10
Calculate (16 - 23) + (6 - 5).
-6
Evaluate 0 - (-6 - (-1 + 0)) - 2.
3
What is the value of -10 + 6 + (-2 - -9)?
3
What is the value of 1 - (4 + (0 - 2) - -4)?
-5
What is the value of -1 - (8 + -2 - (30 + -26))?
-3
What is 11 - 0 - (13 - (15 - 5))?
8
Evaluate (2 - -14 - 15) + (-3 - -1).
-1
Calculate -9 + 11 + 2 + 2.
6
Evaluate 15 - (5 + 5 + (-8 - -5)).
8
What is 6 + -7 + (5 - (-1 - -3))?
2
What is (10 - (11 + -3)) + (0 - 3)?
-1
(-8 - (-10 - 6)) + -2
6
What is the value of 1 + (0 - (7 + -3)) + 2?
-1
Calculate (4 - (-5 + 10)) + 2.
1
What is (-6 - -12) + -3 - (-1 - 3)?
7
What is the value of (212 - 215) + (2 - (2 - 2))?
-1
What is the value of -3 + -1 + 5 + 1?
2
7 + -11 + -7 + 10
-1
Calculate (-2 - (1 - (4 - 4))) + 2.
-1
Calculate (-11 + -2 - -7) + 0.
-6
-1 + 0 - (3 + -2) - 0
-2
Evaluate -8 - ((-6 - 0) + 1).
-3
What is 8 - 5 - (2 - 2 - 0)?
3
9 - (7 - 6 - -3)
5
6 + (4 - (14 + -4))
0
What is -2 - (5 + 1) - (-3 - 10)?
5
What is -5 + 1 + 6 + 4?
6
Evaluate -17 + 3 + 2 + 2.
-10
What is the value of 1 + (8 - 4) + -4 - 1?
0
What is the value of 4 + (2 - (6 + -8))?
8
What is 7 + -6 + 1 + -3 + 4?
3
Calculate 0 + (-1 - -1) + 2 + 3.
5
-9 - -28 - 9 - 5
5
Calculate -39 - -34 - ((-4 - -1) + -8).
6
What is the value of 2 - (4 + (1 - 4))?
1
What is the value of -5 - 0 - (-17 + 14)?
-2
What is the value of 11 + -8 + 9 + -10?
2
What is the value of (7 - (2 + 0)) + 57 + -67?
-5
What is 3 + (-4 - (-3 - 0)) + -5?
-3
What is the value of 15 + -11 + (-1 - -4) + -2?
5
Calculate 2 + 0 - 6 - -3.
-1
Calculate (-3 - (-7 + -9)) + -5.
8
What is 3 - (3 + -4 - -2)?
2
What is the value of (-3 + (-3 - -3) - -6) + -5?
-2
What is -6 - ((-7 - -11) + -3)?
-7
Evaluate -3 + -5 + -4 + 12.
0
What is (2 - 8) + 7 + (-5 - -3)?
-1
Calculate (11 + -5 - (5 + -1)) + -6.
-4
What is the value of -6 + 0 - (-5 - -3 - 1)?
-3
What is 8 + -6 + 1 + (1 - 1)?
3
Calculate 11 - (-6 + 1 - (5 + -14)).
7
What is -6 + 2 + -1 + 4?
-1
Evaluate -2 + 3 + -1 + -2.
-2
Evaluate 4 - (3 - -6 - 0).
-5
What is the value of (-1 - 0) + -2 + 6 - -2?
5
Calculate (4 - 0) + -14 + 9 - 3.
-4
Evaluate 1 + -8 + (13 - (-17 - -24)).
-1
What is the value of 0 + 1 + (-1 + -2 - 6)?
-8
What is 4 + -5 - (6 - (1 + -2))?
-8
Evaluate (1 - (-7 - -5) - 1) + 1.
3
What is the value of 6 - -1 - ((17 - 1) + 2)?
-11
Calculate 0 + 2 + 0 + 1.
3
What is 0 - -6 - (-50 + 60)?
-4
Evaluate -1 + -3 + 7 + 4.
7
What is the value of 11 + (1 - 24) - -11?
-1
What is (-10 - -17) + -5 + -1?
1
Calculate -2 - (-3 - -2 - -1).
-2
What is the value of -1 + -2 - (-1 + -2) - -4?
4
2 + (0 - 3) + -25 + 25
-1
4 - (-1 + -3 + 3)
5
Evaluate (7 + 1 - 6) + 2.
4
Evaluate -3 - ((-1 - 3) + 6).
-5
What is the value of 13 + (13 - 18) + 2 + -11?
-1
-9 - (7 + -12 + 3)
-7
Evaluate (1 - (-4 + 7)) + 4.
2
What is the value of 2 + (1 - -5) + -3?
5
Evaluate 20 + (7 - 3) + -16.
8
What is the value of -2 - (-6 + 0 + (3 - -4))?
-3
Evaluate 2 + -4 + 8 - 6 - 6.
-6
4 + (14 - 1) + -19
-2
What is the value of -11 + (2 + 1 - -4)?
-4
What is -1 + 19 + (23 - 34)?
7
Evaluate (-3 - -6) + (3 - 1) + -1.
4
Calculate (5 - 2) + 0 + 1 + -6.
-2
What is 3 + -2 + (2 - -1)?
4
Calculate (-6 - -3) + (0 - 1).
-4
-1 + -1 + (1 - 6) + 2
-5
What is 9 + 1 + -7 + 0?
3
7 + 1 - (8 - 4)
4
What is 13 + -11 - -2 - 7?
-3
Calculate 1 + -1 + 0 - (-129 - -128).
1
2 + 0 + -5 + -1
-4
What is -5 - ((1 - 9) + -5 - -6)?
2
11 + -7 + -1 + -3
0
(1 - 4) + 2 + -3 + -1
-5
Calculate -1 + -2 - (1 + -9 + 1).
4
What is the value of (1 - -6) + -40 + 33?
0
-1 + -2 + 3 - -3
3
Evaluate -1 + -1 + (0 - -2).
0
-8 + (2 - (-10 + 12))
-8
Calculate (0 - -9 - 23) + 13.
-1
What is (7 + -4 - -12) + -10?
5
What is the value of -3 + (-7 - (-3 + -8))?
1
0 - (10 + 0 + -19)
9
-4 + 0 + 2 + 6
4
8 - (3 + 10 + -10)
5
Calculate (4 - (-10 + 6)) + -7.
1
3 - (-1 - 0) - (-1 - -5)
0
What is the value of -5 + 2 + (10 - 9)?
-2
Evaluate (4 - 8) + -1 + 4.
-1
What is (-13 - (-3 + -6)) + 13?
9
What is the value of (1 - 4) + (6 - 7)?
-4
Calculate (6 - (9 - 5)) + -2 + 0.
0
What is (0 - 2) + (0 - -5)?
3
Evaluate (-2 + 9 - 12) + 1.
-4
What 